List the prime factors of 9253.
19, 487
What are the prime factors of 76957?
41, 1877
What are the prime factors of 39712?
2, 17, 73
List the prime factors of 219.
3, 73
What are the prime factors of 6488?
2, 811
List the prime factors of 1807.
13, 139
What are the prime factors of 138435?
3, 5, 11, 839
List the prime factors of 42982.
2, 21491
List the prime factors of 42834.
2, 3, 11, 59
List the prime factors of 1745.
5, 349
What are the prime factors of 2432?
2, 19
List the prime factors of 54846.
2, 3, 11, 277
List the prime factors of 50102.
2, 13, 41, 47
What are the prime factors of 902?
2, 11, 41
List the prime factors of 225.
3, 5
What are the prime factors of 3186?
2, 3, 59
What are the prime factors of 9845?
5, 11, 179
List the prime factors of 900.
2, 3, 5
List the prime factors of 12861.
3, 1429
List the prime factors of 4471.
17, 263
List the prime factors of 17300.
2, 5, 173
What are the prime factors of 973?
7, 139
What are the prime factors of 36523?
36523
What are the prime factors of 121556?
2, 30389
What are the prime factors of 1469?
13, 113
List the prime factors of 12078.
2, 3, 11, 61
List the prime factors of 40831.
7, 19, 307
What are the prime factors of 1112?
2, 139
List the prime factors of 5842.
2, 23, 127
List the prime factors of 2229.
3, 743
What are the prime factors of 1453?
1453
List the prime factors of 1796.
2, 449
What are the prime factors of 2381?
2381
List the prime factors of 22382.
2, 19, 31
List the prime factors of 5426.
2, 2713
List the prime factors of 2650.
2, 5, 53
What are the prime factors of 134?
2, 67
List the prime factors of 129477.
3, 43159
List the prime factors of 765.
3, 5, 17
List the prime factors of 7954.
2, 41, 97
List the prime factors of 581.
7, 83
List the prime factors of 15820.
2, 5, 7, 113
List the prime factors of 578.
2, 17
What are the prime factors of 850?
2, 5, 17
What are the prime factors of 29393?
7, 13, 17, 19
What are the prime factors of 17997?
3, 7, 857
List the prime factors of 25634.
2, 7, 1831
List the prime factors of 13575.
3, 5, 181
What are the prime factors of 549?
3, 61
What are the prime factors of 43308?
2, 3, 401
What are the prime factors of 10421?
17, 613
List the prime factors of 18964.
2, 11, 431
What are the prime factors of 2165?
5, 433
What are the prime factors of 600?
2, 3, 5
List the prime factors of 4546.
2, 2273
List the prime factors of 3358.
2, 23, 73
What are the prime factors of 15364?
2, 23, 167
List the prime factors of 17036.
2, 4259
What are the prime factors of 119590?
2, 5, 11959
List the prime factors of 13955.
5, 2791
What are the prime factors of 47721?
3, 15907
List the prime factors of 15759.
3, 17, 103
List the prime factors of 978.
2, 3, 163
What are the prime factors of 107341?
13, 23, 359
What are the prime factors of 1804?
2, 11, 41
List the prime factors of 1055.
5, 211
What are the prime factors of 9337?
9337
What are the prime factors of 3220?
2, 5, 7, 23
List the prime factors of 20462.
2, 13, 787
What are the prime factors of 7443?
3, 827
List the prime factors of 17435.
5, 11, 317
List the prime factors of 1155.
3, 5, 7, 11
What are the prime factors of 1572?
2, 3, 131
List the prime factors of 595.
5, 7, 17
List the prime factors of 658.
2, 7, 47
What are the prime factors of 96?
2, 3
What are the prime factors of 38832?
2, 3, 809
List the prime factors of 1455.
3, 5, 97
What are the prime factors of 1269?
3, 47
What are the prime factors of 5907?
3, 11, 179
What are the prime factors of 72089?
72089
What are the prime factors of 44233?
7, 71, 89
What are the prime factors of 1892?
2, 11, 43
What are the prime factors of 100369?
29, 3461
List the prime factors of 8129.
11, 739
List the prime factors of 5598.
2, 3, 311
What are the prime factors of 126943?
126943
List the prime factors of 27711.
3, 3079
What are the prime factors of 8569?
11, 19, 41
List the prime factors of 1119.
3, 373
What are the prime factors of 10186?
2, 11, 463
What are the prime factors of 72654?
2, 3, 12109
List the prime factors of 49122.
2, 3, 2729
What are the prime factors of 9542?
2, 13, 367
What are the prime factors of 1371?
3, 457
What are the prime factors of 1968?
2, 3, 41
List the prime factors of 4285.
5, 857
List the prime factors of 2982.
2, 3, 7, 71
List the prime factors of 22.
2, 11
List the prime factors of 51894.
2, 3, 31
List the prime factors of 1375.
5, 11
What are the prime factors of 44839?
44839
What are the prime factors of 13058?
2, 6529
List the prime factors of 78158.
2, 39079
List the prime factors of 989.
23, 43
What are the prime factors of 4538?
2, 2269
What are the prime factors of 2985?
3, 5, 199
What are the prime factors of 3009?
3, 17, 59
List the prime factors of 537.
3, 179
What are the prime factors of 21977?
21977
What are the prime factors of 41677?
71, 587
What are the prime factors of 79534?
2, 7, 13, 19, 23
What are the prime factors of 2583?
3, 7, 41
List the prime factors of 19230.
2, 3, 5, 641
List the prime factors of 118267.
227, 521
What are the prime factors of 6649?
61, 109
List the prime factors of 636.
2, 3, 53
List the prime factors of 5113.
5113
What are the prime factors of 31413?
3, 37, 283
List the prime factors of 33.
3, 11
List the prime factors of 158421.
3, 52807
What are the prime factors of 178?
2, 89
What are the prime factors of 14229?
3, 17, 31
What are the prime factors of 1383?
3, 461
What are the prime factors of 92027?
13, 7079
What are the prime factors of 2377?
2377
List the prime factors of 316.
2, 79
What are the prime factors of 88548?
2, 3, 47, 157
What are the prime factors of 1714?
2, 857
What are the prime factors of 117583?
31, 3793
List the prime factors of 1347.
3, 449
What are the prime factors of 2946?
2, 3, 491
What are the prime factors of 2693?
2693
What are the prime factors of 23174?
2, 11587
What are the prime factors of 3192?
2, 3, 7, 19
What are the prime factors of 2328?
2, 3, 97
List the prime factors of 40914.
2, 3, 2273
What are the prime factors of 5758?
2, 2879
List the prime factors of 3167.
3167
List the prime factors of 549.
3, 61
List the prime factors of 974.
2, 487
What are the prime factors of 5423?
11, 17, 29
List the prime factors of 949.
13, 73
List the prime factors of 2997.
3, 37
What are the prime factors of 6853?
7, 11, 89
What are the prime factors of 10126?
2, 61, 83
What are the prime factors of 2543?
2543
List the prime factors of 7324.
2, 1831
List the prime factors of 802.
2, 401
List the prime factors of 346.
2, 173
What are the prime factors of 69095?
5, 13, 1063
List the prime factors of 4549.
4549
What are the prime factors of 1075?
5, 43
What are the prime factors of 79401?
3, 7, 19, 199
List the prime factors of 48549.
3, 16183
What are the prime factors of 32337?
3, 3593
List the prime factors of 892.
2, 223
What are the prime factors of 2338?
2, 7, 167
List the prime factors of 2986.
2, 1493
What are the prime factors of 8325?
3, 5, 37
List the prime factors of 11815.
5, 17, 139
List the prime factors of 6821.
19, 359
List the prime factors of 47826.
2, 3, 2657
What are the prime factors of 82084?
2, 20521
What are the prime factors of 5180?
2, 5, 7, 37
List the prime factors of 81794.
2, 40897
What are the prime factors of 7396?
2, 43
What are the prime factors of 15962?
2, 23, 347
What are the prime factors of 10876?
2, 2719
What are the prime factors of 2416?
2, 151
List the prime factors of 22581.
3, 13, 193
List the prime factors of 55441.
55441
List the prime factors of 25556.
2, 6389
What are the prime factors of 797?
797
List the prime factors of 76596.
2, 3, 13, 491
List the prime factors of 15310.
2, 5, 1531
List the prime factors of 3805.
5, 761
List the prime factors of 10822.
2, 7, 773
What are the prime factors of 59828?
2, 14957
What are the prime factors of 34651?
34651
List the prime factors of 7276.
2, 17, 107
List the prime factors of 2271.
3, 757
What are the prime factors of 1950?
2, 3, 5, 13
What are the prime factors of 3870?
2, 3, 5, 43
List the prime factors of 504.
2, 3, 7
List the prime factors of 121314.
2, 3, 20219
What are the prime factors of 15687?
3, 7, 83
What are the prime factors of 31505?
5, 6301
What are the prime factors of 1183?
7, 13
List the prime factors of 60393.